{"id":39,"date":"2020-02-13T17:50:07","date_gmt":"2020-02-13T17:50:07","guid":{"rendered":"https:\/\/tendo-aikido-verband.eu\/?page_id=39"},"modified":"2026-01-20T16:45:50","modified_gmt":"2026-01-20T16:45:50","slug":"termine","status":"publish","type":"page","link":"https:\/\/tendo-aikido-verband.eu\/?page_id=39","title":{"rendered":"Termine"},"content":{"rendered":"\n<h4 class=\"wp-block-heading\" id=\"die-lehrgange-finden-auf-grund-der-aktuellen-umstande-unter-vorbehalt-statt\">Lehrg\u00e4nge 2026<\/h4>\n\n\n\n<p>Hallo liebe Aikidoka,<\/p>\n\n\n\n<p>Wir freuen uns mitteilen zu k\u00f6nnen, dass die Lehrgangsplanung f\u00fcr 2026 abgeschlossen ist. <br><br>Die Termine f\u00fcr dieses Jahr sind:<\/p>\n\n\n\n<p>21.02.26 &#8211; 14:00 Stockelsdorf &#8211; Hauke Schop (3. Dan)<br>21.03.25 &#8211; 14:00 Kiel DAN Training &#8211; Hans-Martin Rasch (4. Dan) \/ Aikido Toho Iai Lehrgang Hochschulsport Kiel<br>18.04.26 &#8211; 14:00 Rostock &#8211; Magnus Kreutzfeldt (4. Dan)<br>06.06.26 &#8211; 14:00 Krummesse &#8211; Henry Forgbert (4. Dan)<br>04.07.26 &#8211; 14:00 Kiel AIKIKEN &#8211; Georg Rasch (4. Dan) (Termin kann sich noch \u00e4ndern)<br>29.08.26 &#8211; 14:00 Stockelsdorf &#8211; Georg Rasch (4. Dan)<br>19.09.26 &#8211; 14:00 Rostock DAN Training &#8211; Magnus Kreutzfeldt (4. Dan)<br>10.10.26 &#8211; 14:00 Kiel &#8211; Maik Johannsen (4. Dan)<br>05.12.26 &#8211; 14:00 Gro\u00df Gr\u00f6nau &#8211; Hans-Martin Rasch (4. Dan)<br><\/p>\n\n\n\n<p>KINDER:<\/p>\n\n\n\n<p>27.06.26 &#8211; Stockelsdorf Kinderlehrgang &#8211; Astrid Meier (2. Dan) \/ Michael Heurich (1. Dan)<br>28.11.26 &#8211; Stockelsdorf Kinderlehrgang &#8211; Maik Johannsen (4. Dan) <br>25.07.- 31.07.26 &#8211; Sommerferien Camp in Sassen<\/p>\n\n\n\n<h4 class=\"wp-block-heading\" id=\"hinweise\">Hinweise<\/h4>\n\n\n\n<ul class=\"wp-block-list\">\n<li>Alle Lehrg\u00e4nge f\u00fcr Erwachsene und Jugendliche gehen &#8211; wenn nicht anders angegeben &#8211; von 14.00 &#8211; 16.00 Uhr.&nbsp;&nbsp;&nbsp;&nbsp;&nbsp;&nbsp;&nbsp;<\/li>\n\n\n\n<li>Eintreffen und Mattenaufbau jeweils 30 Minuten vor den Veranstaltungen.<\/li>\n\n\n\n<li>\u00c4nderung der Termine bzw. der Veranstaltungsorte vorbehalten.<\/li>\n\n\n\n<li>Veranstalter und Ausrichter der Veranstaltungen \u00fcbernehmen keine Haftung f\u00fcr Personen- und Sachsch\u00e4den sowie f\u00fcr verloren gegangene Gegenst\u00e4nde!<\/li>\n\n\n\n<li>Aikidoka anderer Verb\u00e4nde sind bei den Veranstaltungen herzlich willkommen!<\/li>\n\n\n\n<li>W\u00e4hrend der Lehrg\u00e4nge werden Bild- und Videoaufnahmen f\u00fcr die Ver\u00f6ffentlichung gemacht. Wer damit nicht einverstanden ist, meldet sich bitte vorab beim Veranstalter!<\/li>\n<\/ul>\n","protected":false},"excerpt":{"rendered":"<p>Lehrg\u00e4nge 2026 Hallo liebe Aikidoka, Wir freuen uns mitteilen zu k\u00f6nnen, dass die Lehrgangsplanung f\u00fcr 2026 abgeschlossen ist. Die Termine f\u00fcr dieses Jahr sind: 21.02.26 &#8211; 14:00 Stockelsdorf &#8211; Hauke Schop (3. Dan)21.03.25 &#8211; 14:00 Kiel DAN Training &#8211; Hans-Martin Rasch (4. Dan) \/ Aikido Toho Iai Lehrgang Hochschulsport Kiel18.04.26 &#8211; 14:00 Rostock &#8211; Magnus &hellip; <\/p>\n","protected":false},"author":1,"featured_media":0,"parent":0,"menu_order":0,"comment_status":"closed","ping_status":"closed","template":"","meta":{"footnotes":""},"class_list":["post-39","page","type-page","status-publish","hentry"],"_links":{"self":[{"href":"https:\/\/tendo-aikido-verband.eu\/index.php?rest_route=\/wp\/v2\/pages\/39","targetHints":{"allow":["GET"]}}],"collection":[{"href":"https:\/\/tendo-aikido-verband.eu\/index.php?rest_route=\/wp\/v2\/pages"}],"about":[{"href":"https:\/\/tendo-aikido-verband.eu\/index.php?rest_route=\/wp\/v2\/types\/page"}],"author":[{"embeddable":true,"href":"https:\/\/tendo-aikido-verband.eu\/index.php?rest_route=\/wp\/v2\/users\/1"}],"replies":[{"embeddable":true,"href":"https:\/\/tendo-aikido-verband.eu\/index.php?rest_route=%2Fwp%2Fv2%2Fcomments&post=39"}],"version-history":[{"count":25,"href":"https:\/\/tendo-aikido-verband.eu\/index.php?rest_route=\/wp\/v2\/pages\/39\/revisions"}],"predecessor-version":[{"id":160,"href":"https:\/\/tendo-aikido-verband.eu\/index.php?rest_route=\/wp\/v2\/pages\/39\/revisions\/160"}],"wp:attachment":[{"href":"https:\/\/tendo-aikido-verband.eu\/index.php?rest_route=%2Fwp%2Fv2%2Fmedia&parent=39"}],"curies":[{"name":"wp","href":"https:\/\/api.w.org\/{rel}","templated":true}]}}

<h4 class="wp-block-heading" id="die-lehrgange-finden-auf-grund-der-aktuellen-umstande-unter-vorbehalt-statt">Lehrgänge 2026</h4>



<p>Hallo liebe Aikidoka,</p>



<p>Wir freuen uns mitteilen zu können, dass die Lehrgangsplanung für 2026 abgeschlossen ist. <br><br>Die Termine für dieses Jahr sind:</p>



<p>21.02.26 &#8211; 14:00 Stockelsdorf &#8211; Hauke Schop (3. Dan)<br>21.03.25 &#8211; 14:00 Kiel DAN Training &#8211; Hans-Martin Rasch (4. Dan) / Aikido Toho Iai Lehrgang Hochschulsport Kiel<br>18.04.26 &#8211; 14:00 Rostock &#8211; Magnus Kreutzfeldt (4. Dan)<br>06.06.26 &#8211; 14:00 Krummesse &#8211; Henry Forgbert (4. Dan)<br>04.07.26 &#8211; 14:00 Kiel AIKIKEN &#8211; Georg Rasch (4. Dan) (Termin kann sich noch ändern)<br>29.08.26 &#8211; 14:00 Stockelsdorf &#8211; Georg Rasch (4. Dan)<br>19.09.26 &#8211; 14:00 Rostock DAN Training &#8211; Magnus Kreutzfeldt (4. Dan)<br>10.10.26 &#8211; 14:00 Kiel &#8211; Maik Johannsen (4. Dan)<br>05.12.26 &#8211; 14:00 Groß Grönau &#8211; Hans-Martin Rasch (4. Dan)<br></p>



<p>KINDER:</p>



<p>27.06.26 &#8211; Stockelsdorf Kinderlehrgang &#8211; Astrid Meier (2. Dan) / Michael Heurich (1. Dan)<br>28.11.26 &#8211; Stockelsdorf Kinderlehrgang &#8211; Maik Johannsen (4. Dan) <br>25.07.- 31.07.26 &#8211; Sommerferien Camp in Sassen</p>



<h4 class="wp-block-heading" id="hinweise">Hinweise</h4>



<ul class="wp-block-list">
<li>Alle Lehrgänge für Erwachsene und Jugendliche gehen &#8211; wenn nicht anders angegeben &#8211; von 14.00 &#8211; 16.00 Uhr.&nbsp;&nbsp;&nbsp;&nbsp;&nbsp;&nbsp;&nbsp;</li>



<li>Eintreffen und Mattenaufbau jeweils 30 Minuten vor den Veranstaltungen.</li>



<li>Änderung der Termine bzw. der Veranstaltungsorte vorbehalten.</li>



<li>Veranstalter und Ausrichter der Veranstaltungen übernehmen keine Haftung für Personen- und Sachschäden sowie für verloren gegangene Gegenstände!</li>



<li>Aikidoka anderer Verbände sind bei den Veranstaltungen herzlich willkommen!</li>



<li>Während der Lehrgänge werden Bild- und Videoaufnahmen für die Veröffentlichung gemacht. Wer damit nicht einverstanden ist, meldet sich bitte vorab beim Veranstalter!</li>
</ul>

<p>Lehrgänge 2026 Hallo liebe Aikidoka, Wir freuen uns mitteilen zu können, dass die Lehrgangsplanung für 2026 abgeschlossen ist. Die Termine für dieses Jahr sind: 21.02.26 &#8211; 14:00 Stockelsdorf &#8211; Hauke Schop (3. Dan)21.03.25 &#8211; 14:00 Kiel DAN Training &#8211; Hans-Martin Rasch (4. Dan) / Aikido Toho Iai Lehrgang Hochschulsport Kiel18.04.26 &#8211; 14:00 Rostock &#8211; Magnus &hellip; </p>
