{"id":31,"date":"2020-02-13T17:38:42","date_gmt":"2020-02-13T17:38:42","guid":{"rendered":"https:\/\/tendo-aikido-verband.eu\/?page_id=31"},"modified":"2020-02-13T17:44:27","modified_gmt":"2020-02-13T17:44:27","slug":"aikido","status":"publish","type":"page","link":"https:\/\/tendo-aikido-verband.eu\/?page_id=31","title":{"rendered":"Aikido"},"content":{"rendered":"\n<p>AIKIDO\n ist eine Form von Selbstverteidigung, die sanft und defensiv ist und \nder jeweiligen Situation angepasst den Gegner nicht schaden soll und ihn\n zur Aufgabe seiner Absichten zwingt oder ihn unter Kontrolle h\u00e4lt.<br><\/p>\n\n\n\n<p>AIKIDO macht durch seine \nBewegungsformen den Aus\u00fcbenden geschmeidig und elastisch. Durch \nregelm\u00e4\u00dfiges \u00dcben gelingt es ihm, Verkrampfungen seiner Muskulatur zu \nl\u00f6sen, die Psyche im Gleichgewicht zu halten und h\u00e4lt ihn auch allgemein\n fit.<br><\/p>\n\n\n\n<p>AIKIDO ist gleicherma\u00dfen \nf\u00fcr Frauen und M\u00e4nner geeignet; es kennt keine Altersbegrenzungen. Auch \nKinder, M\u00e4dchen wie Jungen, k\u00f6nnen bei uns AIKIDO erlernen und ist \nbesonders f\u00fcr diese eine gute \u00dcbung zur Verbesserung ihrer Motorik.<br><\/p>\n\n\n\n<p>AIKIDO kennt sehr viele \nBewegungsformen und schon wenige Grundbewegungen k\u00f6nnen vielfach \nvariiert werden, so dass es dem Aikidoaus\u00fcbenden aus einer Verlegenheit \nhelfen und bei einem Angriff eine effektive Abwehr sein kann.<br><\/p>\n\n\n\n<p>Im AIKIDO wird dem \nAngreifer keine Kraft entgegengesetzt, sondern man versucht, durch \ngeschickte Ausweichbewegungen den Gegner ins Leere laufen zu lassen, um \nihn dann mittels einer Technik unter Kontrolle zu bringen bzw. \nabzuwehren.<br><\/p>\n\n\n\n<p>Es gibt aber im AIKIDO \nauch kurze, harte Abwehrtechniken, die zu Verletzungen f\u00fchren und einen \nAngreifer kampfunf\u00e4hig machen k\u00f6nnen, aber selbstverst\u00e4ndlich nur bei \neventueller Lebensgefahr angewendet werden d\u00fcrfen. Das \u00dcben von \nAikidotechniken erfolgt mit einem Partner oder einer Partnerin und \nwechselseitig ist jeder einmal der Angreifer oder Verteidiger.<br><\/p>\n\n\n\n<p>Hauptbestandteile des \u00dcbens sind vorbereitende Gymnastik, Bewegungsschule, Fallschule und die Aikidotechniken.<\/p>\n","protected":false},"excerpt":{"rendered":"<p>AIKIDO ist eine Form von Selbstverteidigung, die sanft und defensiv ist und der jeweiligen Situation angepasst den Gegner nicht schaden soll und ihn zur Aufgabe seiner Absichten zwingt oder ihn unter Kontrolle h\u00e4lt. AIKIDO macht durch seine Bewegungsformen den Aus\u00fcbenden geschmeidig und elastisch. Durch regelm\u00e4\u00dfiges \u00dcben gelingt es ihm, Verkrampfungen seiner Muskulatur zu l\u00f6sen, die &hellip; <\/p>\n","protected":false},"author":1,"featured_media":0,"parent":0,"menu_order":0,"comment_status":"closed","ping_status":"closed","template":"","meta":{"footnotes":""},"class_list":["post-31","page","type-page","status-publish","hentry"],"_links":{"self":[{"href":"https:\/\/tendo-aikido-verband.eu\/index.php?rest_route=\/wp\/v2\/pages\/31","targetHints":{"allow":["GET"]}}],"collection":[{"href":"https:\/\/tendo-aikido-verband.eu\/index.php?rest_route=\/wp\/v2\/pages"}],"about":[{"href":"https:\/\/tendo-aikido-verband.eu\/index.php?rest_route=\/wp\/v2\/types\/page"}],"author":[{"embeddable":true,"href":"https:\/\/tendo-aikido-verband.eu\/index.php?rest_route=\/wp\/v2\/users\/1"}],"replies":[{"embeddable":true,"href":"https:\/\/tendo-aikido-verband.eu\/index.php?rest_route=%2Fwp%2Fv2%2Fcomments&post=31"}],"version-history":[{"count":1,"href":"https:\/\/tendo-aikido-verband.eu\/index.php?rest_route=\/wp\/v2\/pages\/31\/revisions"}],"predecessor-version":[{"id":32,"href":"https:\/\/tendo-aikido-verband.eu\/index.php?rest_route=\/wp\/v2\/pages\/31\/revisions\/32"}],"wp:attachment":[{"href":"https:\/\/tendo-aikido-verband.eu\/index.php?rest_route=%2Fwp%2Fv2%2Fmedia&parent=31"}],"curies":[{"name":"wp","href":"https:\/\/api.w.org\/{rel}","templated":true}]}}